{"id":714,"date":"2025-11-06T16:25:51","date_gmt":"2025-11-06T21:25:51","guid":{"rendered":"https:\/\/auxtrouvaillesdemandeville.org\/?page_id=714"},"modified":"2026-01-03T20:17:37","modified_gmt":"2026-01-04T01:17:37","slug":"le-cercle-de-tricot","status":"publish","type":"page","link":"https:\/\/auxtrouvaillesdemandeville.org\/?page_id=714","title":{"rendered":"Le Cercle de Tricot"},"content":{"rendered":"\t\t<div data-elementor-type=\"wp-page\" data-elementor-id=\"714\" class=\"elementor elementor-714\">\n\t\t\t\t<div class=\"elementor-element elementor-element-6227737 e-flex e-con-boxed e-con e-parent\" data-id=\"6227737\" data-element_type=\"container\" data-e-type=\"container\">\n\t\t\t\t\t<div class=\"e-con-inner\">\n\t\t\t\t<div class=\"elementor-element elementor-element-691a570 elementor-invisible elementor-widget elementor-widget-heading\" data-id=\"691a570\" data-element_type=\"widget\" data-e-type=\"widget\" data-settings=\"{&quot;_animation&quot;:&quot;fadeInUp&quot;}\" data-widget_type=\"heading.default\">\n\t\t\t\t\t<h2 class=\"elementor-heading-title elementor-size-default\">Le Cercle de Tricot<\/h2>\t\t\t\t<\/div>\n\t\t\t\t<div class=\"elementor-element elementor-element-1ab8e41 elementor-invisible elementor-widget elementor-widget-text-editor\" data-id=\"1ab8e41\" data-element_type=\"widget\" data-e-type=\"widget\" data-settings=\"{&quot;_animation&quot;:&quot;fadeInUp&quot;}\" data-widget_type=\"text-editor.default\">\n\t\t\t\t\t\t\t\t\t<p><strong>Chaque lundi de 9h30 \u00e0 12h00, <\/strong>un groupe se r\u00e9unit pour tricoter, s&rsquo;entraider et jaser. C&rsquo;est gratuit et ouvert \u00e0 tous les niveaux, de d\u00e9butant \u00e0 avancer. Apportez votre laine et votre projet. Nous avons \u00e9galement du mat\u00e9riel gratuit \u00e0 votre disposition.<\/p>\t\t\t\t\t\t\t\t<\/div>\n\t\t\t\t\t<\/div>\n\t\t\t\t<\/div>\n\t\t<div class=\"elementor-element elementor-element-13efd6b e-grid e-con-boxed e-con e-parent\" data-id=\"13efd6b\" data-element_type=\"container\" data-e-type=\"container\" data-settings=\"{&quot;background_background&quot;:&quot;classic&quot;}\">\n\t\t\t\t\t<div class=\"e-con-inner\">\n\t\t\t\t<div class=\"elementor-element elementor-element-eb7c64e image-border-custom elementor-invisible elementor-widget elementor-widget-image\" data-id=\"eb7c64e\" data-element_type=\"widget\" data-e-type=\"widget\" data-settings=\"{&quot;_animation&quot;:&quot;zoomIn&quot;}\" data-widget_type=\"image.default\">\n\t\t\t\t\t\t\t\t\t\t\t\t\t\t\t<img fetchpriority=\"high\" decoding=\"async\" width=\"1024\" height=\"768\" src=\"https:\/\/auxtrouvaillesdemandeville.org\/wp-content\/uploads\/2025\/10\/cercle-de-tricot-2-1024x768.jpg\" class=\"attachment-large size-large wp-image-265\" alt=\"\" srcset=\"https:\/\/auxtrouvaillesdemandeville.org\/wp-content\/uploads\/2025\/10\/cercle-de-tricot-2-1024x768.jpg 1024w, https:\/\/auxtrouvaillesdemandeville.org\/wp-content\/uploads\/2025\/10\/cercle-de-tricot-2-300x225.jpg 300w, https:\/\/auxtrouvaillesdemandeville.org\/wp-content\/uploads\/2025\/10\/cercle-de-tricot-2-768x576.jpg 768w, https:\/\/auxtrouvaillesdemandeville.org\/wp-content\/uploads\/2025\/10\/cercle-de-tricot-2-1536x1152.jpg 1536w, https:\/\/auxtrouvaillesdemandeville.org\/wp-content\/uploads\/2025\/10\/cercle-de-tricot-2.jpg 2048w\" sizes=\"(max-width: 1024px) 100vw, 1024px\" \/>\t\t\t\t\t\t\t\t\t\t\t\t\t\t\t<\/div>\n\t\t\t\t<div class=\"elementor-element elementor-element-5193f61 image-border-custom elementor-invisible elementor-widget elementor-widget-image\" data-id=\"5193f61\" data-element_type=\"widget\" data-e-type=\"widget\" data-settings=\"{&quot;_animation&quot;:&quot;zoomIn&quot;}\" data-widget_type=\"image.default\">\n\t\t\t\t\t\t\t\t\t\t\t\t\t\t\t<img decoding=\"async\" width=\"1024\" height=\"768\" src=\"https:\/\/auxtrouvaillesdemandeville.org\/wp-content\/uploads\/2025\/10\/tricot-1024x768.jpg\" class=\"attachment-large size-large wp-image-266\" alt=\"\" srcset=\"https:\/\/auxtrouvaillesdemandeville.org\/wp-content\/uploads\/2025\/10\/tricot-1024x768.jpg 1024w, https:\/\/auxtrouvaillesdemandeville.org\/wp-content\/uploads\/2025\/10\/tricot-300x225.jpg 300w, https:\/\/auxtrouvaillesdemandeville.org\/wp-content\/uploads\/2025\/10\/tricot-768x576.jpg 768w, https:\/\/auxtrouvaillesdemandeville.org\/wp-content\/uploads\/2025\/10\/tricot-1536x1152.jpg 1536w, https:\/\/auxtrouvaillesdemandeville.org\/wp-content\/uploads\/2025\/10\/tricot.jpg 2000w\" sizes=\"(max-width: 1024px) 100vw, 1024px\" \/>\t\t\t\t\t\t\t\t\t\t\t\t\t\t\t<\/div>\n\t\t\t\t<div class=\"elementor-element elementor-element-a48e858 image-border-custom elementor-invisible elementor-widget elementor-widget-image\" data-id=\"a48e858\" data-element_type=\"widget\" data-e-type=\"widget\" data-settings=\"{&quot;_animation&quot;:&quot;zoomIn&quot;}\" data-widget_type=\"image.default\">\n\t\t\t\t\t\t\t\t\t\t\t\t\t\t\t<img decoding=\"async\" width=\"1024\" height=\"768\" src=\"https:\/\/auxtrouvaillesdemandeville.org\/wp-content\/uploads\/2026\/01\/tricot-2-4-3-1024x768.jpg\" class=\"attachment-large size-large wp-image-2548\" alt=\"\" srcset=\"https:\/\/auxtrouvaillesdemandeville.org\/wp-content\/uploads\/2026\/01\/tricot-2-4-3-1024x768.jpg 1024w, https:\/\/auxtrouvaillesdemandeville.org\/wp-content\/uploads\/2026\/01\/tricot-2-4-3-300x225.jpg 300w, https:\/\/auxtrouvaillesdemandeville.org\/wp-content\/uploads\/2026\/01\/tricot-2-4-3-768x576.jpg 768w, https:\/\/auxtrouvaillesdemandeville.org\/wp-content\/uploads\/2026\/01\/tricot-2-4-3.jpg 1500w\" sizes=\"(max-width: 1024px) 100vw, 1024px\" \/>\t\t\t\t\t\t\t\t\t\t\t\t\t\t\t<\/div>\n\t\t\t\t\t<\/div>\n\t\t\t\t<\/div>\n\t\t\t\t<\/div>\n\t\t","protected":false},"excerpt":{"rendered":"<p>Le Cercle de Tricot Chaque lundi de 9h30 \u00e0 12h00, un groupe se r\u00e9unit pour tricoter, s&rsquo;entraider et jaser. C&rsquo;est gratuit et ouvert \u00e0 tous les niveaux, de d\u00e9butant \u00e0 avancer. Apportez votre laine et votre projet. Nous avons \u00e9galement du mat\u00e9riel gratuit \u00e0 votre disposition.<\/p>\n","protected":false},"author":2,"featured_media":0,"parent":0,"menu_order":0,"comment_status":"closed","ping_status":"closed","template":"","meta":{"footnotes":""},"class_list":["post-714","page","type-page","status-publish","hentry"],"_links":{"self":[{"href":"https:\/\/auxtrouvaillesdemandeville.org\/index.php?rest_route=\/wp\/v2\/pages\/714","targetHints":{"allow":["GET"]}}],"collection":[{"href":"https:\/\/auxtrouvaillesdemandeville.org\/index.php?rest_route=\/wp\/v2\/pages"}],"about":[{"href":"https:\/\/auxtrouvaillesdemandeville.org\/index.php?rest_route=\/wp\/v2\/types\/page"}],"author":[{"embeddable":true,"href":"https:\/\/auxtrouvaillesdemandeville.org\/index.php?rest_route=\/wp\/v2\/users\/2"}],"replies":[{"embeddable":true,"href":"https:\/\/auxtrouvaillesdemandeville.org\/index.php?rest_route=%2Fwp%2Fv2%2Fcomments&post=714"}],"version-history":[{"count":40,"href":"https:\/\/auxtrouvaillesdemandeville.org\/index.php?rest_route=\/wp\/v2\/pages\/714\/revisions"}],"predecessor-version":[{"id":3622,"href":"https:\/\/auxtrouvaillesdemandeville.org\/index.php?rest_route=\/wp\/v2\/pages\/714\/revisions\/3622"}],"wp:attachment":[{"href":"https:\/\/auxtrouvaillesdemandeville.org\/index.php?rest_route=%2Fwp%2Fv2%2Fmedia&parent=714"}],"curies":[{"name":"wp","href":"https:\/\/api.w.org\/{rel}","templated":true}]}}

<div data-elementor-type="wp-page" data-elementor-id="714" class="elementor elementor-714">
				<div class="elementor-element elementor-element-6227737 e-flex e-con-boxed e-con e-parent" data-id="6227737" data-element_type="container" data-e-type="container">
					<div class="e-con-inner">
				<div class="elementor-element elementor-element-691a570 elementor-invisible elementor-widget elementor-widget-heading" data-id="691a570" data-element_type="widget" data-e-type="widget" data-settings="{&quot;_animation&quot;:&quot;fadeInUp&quot;}" data-widget_type="heading.default">
					<h2 class="elementor-heading-title elementor-size-default">Le Cercle de Tricot</h2>				</div>
				<div class="elementor-element elementor-element-1ab8e41 elementor-invisible elementor-widget elementor-widget-text-editor" data-id="1ab8e41" data-element_type="widget" data-e-type="widget" data-settings="{&quot;_animation&quot;:&quot;fadeInUp&quot;}" data-widget_type="text-editor.default">
									<p><strong>Chaque lundi de 9h30 à 12h00, </strong>un groupe se réunit pour tricoter, s&rsquo;entraider et jaser. C&rsquo;est gratuit et ouvert à tous les niveaux, de débutant à avancer. Apportez votre laine et votre projet. Nous avons également du matériel gratuit à votre disposition.</p>								</div>
					</div>
				</div>
		<div class="elementor-element elementor-element-13efd6b e-grid e-con-boxed e-con e-parent" data-id="13efd6b" data-element_type="container" data-e-type="container" data-settings="{&quot;background_background&quot;:&quot;classic&quot;}">
					<div class="e-con-inner">
				<div class="elementor-element elementor-element-eb7c64e image-border-custom elementor-invisible elementor-widget elementor-widget-image" data-id="eb7c64e" data-element_type="widget" data-e-type="widget" data-settings="{&quot;_animation&quot;:&quot;zoomIn&quot;}" data-widget_type="image.default">
															<img fetchpriority="high" decoding="async" width="1024" height="768" src="https://auxtrouvaillesdemandeville.org/wp-content/uploads/2025/10/cercle-de-tricot-2-1024x768.jpg" class="attachment-large size-large wp-image-265" alt="" srcset="https://auxtrouvaillesdemandeville.org/wp-content/uploads/2025/10/cercle-de-tricot-2-1024x768.jpg 1024w, https://auxtrouvaillesdemandeville.org/wp-content/uploads/2025/10/cercle-de-tricot-2-300x225.jpg 300w, https://auxtrouvaillesdemandeville.org/wp-content/uploads/2025/10/cercle-de-tricot-2-768x576.jpg 768w, https://auxtrouvaillesdemandeville.org/wp-content/uploads/2025/10/cercle-de-tricot-2-1536x1152.jpg 1536w, https://auxtrouvaillesdemandeville.org/wp-content/uploads/2025/10/cercle-de-tricot-2.jpg 2048w" sizes="(max-width: 1024px) 100vw, 1024px" />															</div>
				<div class="elementor-element elementor-element-5193f61 image-border-custom elementor-invisible elementor-widget elementor-widget-image" data-id="5193f61" data-element_type="widget" data-e-type="widget" data-settings="{&quot;_animation&quot;:&quot;zoomIn&quot;}" data-widget_type="image.default">
															<img decoding="async" width="1024" height="768" src="https://auxtrouvaillesdemandeville.org/wp-content/uploads/2025/10/tricot-1024x768.jpg" class="attachment-large size-large wp-image-266" alt="" srcset="https://auxtrouvaillesdemandeville.org/wp-content/uploads/2025/10/tricot-1024x768.jpg 1024w, https://auxtrouvaillesdemandeville.org/wp-content/uploads/2025/10/tricot-300x225.jpg 300w, https://auxtrouvaillesdemandeville.org/wp-content/uploads/2025/10/tricot-768x576.jpg 768w, https://auxtrouvaillesdemandeville.org/wp-content/uploads/2025/10/tricot-1536x1152.jpg 1536w, https://auxtrouvaillesdemandeville.org/wp-content/uploads/2025/10/tricot.jpg 2000w" sizes="(max-width: 1024px) 100vw, 1024px" />															</div>
				<div class="elementor-element elementor-element-a48e858 image-border-custom elementor-invisible elementor-widget elementor-widget-image" data-id="a48e858" data-element_type="widget" data-e-type="widget" data-settings="{&quot;_animation&quot;:&quot;zoomIn&quot;}" data-widget_type="image.default">
															<img decoding="async" width="1024" height="768" src="https://auxtrouvaillesdemandeville.org/wp-content/uploads/2026/01/tricot-2-4-3-1024x768.jpg" class="attachment-large size-large wp-image-2548" alt="" srcset="https://auxtrouvaillesdemandeville.org/wp-content/uploads/2026/01/tricot-2-4-3-1024x768.jpg 1024w, https://auxtrouvaillesdemandeville.org/wp-content/uploads/2026/01/tricot-2-4-3-300x225.jpg 300w, https://auxtrouvaillesdemandeville.org/wp-content/uploads/2026/01/tricot-2-4-3-768x576.jpg 768w, https://auxtrouvaillesdemandeville.org/wp-content/uploads/2026/01/tricot-2-4-3.jpg 1500w" sizes="(max-width: 1024px) 100vw, 1024px" />															</div>
					</div>
				</div>
				</div>

<p>Le Cercle de Tricot Chaque lundi de 9h30 à 12h00, un groupe se réunit pour tricoter, s&rsquo;entraider et jaser. C&rsquo;est gratuit et ouvert à tous les niveaux, de débutant à avancer. Apportez votre laine et votre projet. Nous avons également du matériel gratuit à votre disposition.</p>
