{"id":589,"date":"2025-11-03T15:48:39","date_gmt":"2025-11-03T20:48:39","guid":{"rendered":"https:\/\/auxtrouvaillesdemandeville.org\/?page_id=589"},"modified":"2026-04-24T15:00:45","modified_gmt":"2026-04-24T19:00:45","slug":"les-diners-communautaires","status":"publish","type":"page","link":"https:\/\/auxtrouvaillesdemandeville.org\/?page_id=589","title":{"rendered":"Les D\u00eeners Communautaires"},"content":{"rendered":"\t\t<div data-elementor-type=\"wp-page\" data-elementor-id=\"589\" class=\"elementor elementor-589\">\n\t\t\t\t<div class=\"elementor-element elementor-element-d462640 e-flex e-con-boxed e-con e-parent\" data-id=\"d462640\" data-element_type=\"container\" data-e-type=\"container\">\n\t\t\t\t\t<div class=\"e-con-inner\">\n\t\t\t\t<div class=\"elementor-element elementor-element-c4f1f45 elementor-invisible elementor-widget elementor-widget-heading\" data-id=\"c4f1f45\" data-element_type=\"widget\" data-e-type=\"widget\" data-settings=\"{&quot;_animation&quot;:&quot;fadeInUp&quot;}\" data-widget_type=\"heading.default\">\n\t\t\t\t\t<h2 class=\"elementor-heading-title elementor-size-default\">Les D\u00eeners Communautaires<\/h2>\t\t\t\t<\/div>\n\t\t\t\t<div class=\"elementor-element elementor-element-b200383 elementor-invisible elementor-widget elementor-widget-text-editor\" data-id=\"b200383\" data-element_type=\"widget\" data-e-type=\"widget\" data-settings=\"{&quot;_animation&quot;:&quot;fadeInUp&quot;}\" data-widget_type=\"text-editor.default\">\n\t\t\t\t\t\t\t\t\t<p>Les d\u00eeners communautaires vous sont servis les mercredis et jeudis de 12h00 \u00e0 13h30, il n\u2019y pas de r\u00e9servation alors n\u2019h\u00e9sitez pas \u00e0 arriver t\u00f4t et \u00e0 magasiner en attendant. Pour la modique somme de 5$ pour les membres et 7$ pour les non-membres, vous aurez un repas complet. Les d\u00eeners sont cuisin\u00e9s sur place par Marie-Jos\u00e9e Simon, notre cuisini\u00e8re hors pair. Les recettes de Marie-Jos\u00e9e nous charment chaque semaine et le service aux tables est impeccable. Nous accueillons en moyenne 35 personnes par d\u00eener, un beau moment pour socialiser et rencontrer de nouvelles personnes. Il est possible d\u2019acheter des repas \u00e0 la fin du d\u00eener.<\/p>\t\t\t\t\t\t\t\t<\/div>\n\t\t\t\t\t<\/div>\n\t\t\t\t<\/div>\n\t\t<div class=\"elementor-element elementor-element-6c77314 e-flex e-con-boxed e-con e-parent\" data-id=\"6c77314\" data-element_type=\"container\" data-e-type=\"container\" data-settings=\"{&quot;animation&quot;:&quot;none&quot;,&quot;background_background&quot;:&quot;classic&quot;}\">\n\t\t\t\t\t<div class=\"e-con-inner\">\n\t\t\t\t<div class=\"elementor-element elementor-element-f46f97d elementor-invisible elementor-widget elementor-widget-html\" data-id=\"f46f97d\" data-element_type=\"widget\" data-e-type=\"widget\" data-settings=\"{&quot;_animation&quot;:&quot;zoomIn&quot;}\" data-widget_type=\"html.default\">\n\t\t\t\t\t<style>\n    .carousel-container {\n    max-width: 1000px;\n    position: relative;\n    margin: auto;\n    overflow: hidden; \/* Ensures images don't overflow during transition *\/\n}\n\n.carousel-slide img {\n    \/*width: 100%;*\/\n    display: block;\n    aspect-ratio: 4 \/ 3;\n    width: 600px;\n}\n\n\/* Hide the slides by default *\/\n.carousel-slide {\n    display: none;\n}\n\n\/* Fade animation *\/\n.fade {\n    animation-name: fade;\n    animation-duration: 1.5s;\n}\n\n@keyframes fade {\n    from {opacity: .4}\n    to {opacity: 1}\n}\n<\/style>\n\n<div class=\"carousel-container\">\n    <div class=\"carousel-slide fade image-border-custom\">\n        <img decoding=\"async\" src=\"https:\/\/auxtrouvaillesdemandeville.org\/wp-content\/uploads\/2025\/12\/salle-a-manger.jpg\" alt=\"Photo de la salle \u00e0 manger\">\n    <\/div>\n    <div class=\"carousel-slide fade image-border-custom\">\n        <img decoding=\"async\" src=\"https:\/\/auxtrouvaillesdemandeville.org\/wp-content\/uploads\/2025\/12\/452d9d2e-0941-4f37-87c9-f9d23dc3ec8d.jpg\" alt=\"Photo de la salle \u00e0 manger 2\">\n    <\/div>\n    <div class=\"carousel-slide fade image-border-custom\">\n        <img decoding=\"async\" src=\"https:\/\/auxtrouvaillesdemandeville.org\/wp-content\/uploads\/2025\/12\/9daf4394-292f-4aaf-81d8-2aa6ca92424b.jpg\" alt=\"Photo de la salle \u00e0 manger 3\">\n        \n    <\/div>\n    <div class=\"carousel-slide fade image-border-custom\">\n        <img decoding=\"async\" src=\"https:\/\/auxtrouvaillesdemandeville.org\/wp-content\/uploads\/2026\/01\/IMG_20260101_133753_008.jpg\" alt=\"Photo de la salle \u00e0 manger 4\">\n    <\/div>\n<\/div>\n\n<script>\n    let slideIndex = 0;\nshowSlides();\n\nfunction showSlides() {\n    let i;\n    let slides = document.getElementsByClassName(\"carousel-slide\");\n    \/\/let dots = document.getElementsByClassName(\"dot\");\n\n    \/\/ Hide all slides\n    for (i = 0; i < slides.length; i++) {\n        slides[i].style.display = \"none\";\n    }\n\n    \/\/ Increment index and loop back if needed\n    slideIndex++;\n    if (slideIndex > slides.length) {slideIndex = 1}\n\n    \/\/ Remove 'active' class from all dots\n    \/\/for (i = 0; i < dots.length; i++) {\n    \/\/    dots[i].className = dots[i].className\/\/.replace(\" active\", \"\");\n    \/\/}\n\n    \/\/ Display the current slide and mark the corresponding dot as active\n    slides[slideIndex-1].style.display = \"block\";\n    \/\/dots[slideIndex-1].className += \" active\";\n\n    \/\/ Change image every 3 seconds (3000ms)\n    setTimeout(showSlides, 5000);\n}\n<\/script>\t\t\t\t<\/div>\n\t\t\t\t\t<\/div>\n\t\t\t\t<\/div>\n\t\t<div class=\"elementor-element elementor-element-ffd2c78 e-flex e-con-boxed e-con e-parent\" data-id=\"ffd2c78\" data-element_type=\"container\" data-e-type=\"container\" id=\"menu-semaine\">\n\t\t\t\t\t<div class=\"e-con-inner\">\n\t\t\t\t<div class=\"elementor-element elementor-element-6c41e89 elementor-invisible elementor-widget elementor-widget-heading\" data-id=\"6c41e89\" data-element_type=\"widget\" data-e-type=\"widget\" data-settings=\"{&quot;_animation&quot;:&quot;fadeInUp&quot;}\" data-widget_type=\"heading.default\">\n\t\t\t\t\t<h2 class=\"elementor-heading-title elementor-size-default\">Menu de la Semaine<\/h2>\t\t\t\t<\/div>\n\t\t\t\t<div class=\"elementor-element elementor-element-96497b0 elementor-widget elementor-widget-image\" data-id=\"96497b0\" data-element_type=\"widget\" data-e-type=\"widget\" data-widget_type=\"image.default\">\n\t\t\t\t\t\t\t\t\t\t\t\t\t\t\t<img fetchpriority=\"high\" decoding=\"async\" width=\"940\" height=\"788\" src=\"https:\/\/auxtrouvaillesdemandeville.org\/wp-content\/uploads\/2026\/04\/Menu-29-et-30-avril.png\" class=\"attachment-large size-large wp-image-3867\" alt=\"\" srcset=\"https:\/\/auxtrouvaillesdemandeville.org\/wp-content\/uploads\/2026\/04\/Menu-29-et-30-avril.png 940w, https:\/\/auxtrouvaillesdemandeville.org\/wp-content\/uploads\/2026\/04\/Menu-29-et-30-avril-300x251.png 300w, https:\/\/auxtrouvaillesdemandeville.org\/wp-content\/uploads\/2026\/04\/Menu-29-et-30-avril-768x644.png 768w\" sizes=\"(max-width: 940px) 100vw, 940px\" \/>\t\t\t\t\t\t\t\t\t\t\t\t\t\t\t<\/div>\n\t\t\t\t\t<\/div>\n\t\t\t\t<\/div>\n\t\t\t\t<\/div>\n\t\t","protected":false},"excerpt":{"rendered":"<p>Les D\u00eeners Communautaires Les d\u00eeners communautaires vous sont servis les mercredis et jeudis de 12h00 \u00e0 13h30, il n\u2019y pas de r\u00e9servation alors n\u2019h\u00e9sitez pas \u00e0 arriver t\u00f4t et \u00e0 magasiner en attendant. Pour la modique somme de 5$ pour les membres et 7$ pour les non-membres, vous aurez un repas complet. Les d\u00eeners sont [&hellip;]<\/p>\n","protected":false},"author":2,"featured_media":0,"parent":0,"menu_order":0,"comment_status":"closed","ping_status":"closed","template":"","meta":{"footnotes":""},"class_list":["post-589","page","type-page","status-publish","hentry"],"_links":{"self":[{"href":"https:\/\/auxtrouvaillesdemandeville.org\/index.php?rest_route=\/wp\/v2\/pages\/589","targetHints":{"allow":["GET"]}}],"collection":[{"href":"https:\/\/auxtrouvaillesdemandeville.org\/index.php?rest_route=\/wp\/v2\/pages"}],"about":[{"href":"https:\/\/auxtrouvaillesdemandeville.org\/index.php?rest_route=\/wp\/v2\/types\/page"}],"author":[{"embeddable":true,"href":"https:\/\/auxtrouvaillesdemandeville.org\/index.php?rest_route=\/wp\/v2\/users\/2"}],"replies":[{"embeddable":true,"href":"https:\/\/auxtrouvaillesdemandeville.org\/index.php?rest_route=%2Fwp%2Fv2%2Fcomments&post=589"}],"version-history":[{"count":196,"href":"https:\/\/auxtrouvaillesdemandeville.org\/index.php?rest_route=\/wp\/v2\/pages\/589\/revisions"}],"predecessor-version":[{"id":3870,"href":"https:\/\/auxtrouvaillesdemandeville.org\/index.php?rest_route=\/wp\/v2\/pages\/589\/revisions\/3870"}],"wp:attachment":[{"href":"https:\/\/auxtrouvaillesdemandeville.org\/index.php?rest_route=%2Fwp%2Fv2%2Fmedia&parent=589"}],"curies":[{"name":"wp","href":"https:\/\/api.w.org\/{rel}","templated":true}]}}

Les Dîners Communautaires

<div data-elementor-type="wp-page" data-elementor-id="589" class="elementor elementor-589">
				<div class="elementor-element elementor-element-d462640 e-flex e-con-boxed e-con e-parent" data-id="d462640" data-element_type="container" data-e-type="container">
					<div class="e-con-inner">
				<div class="elementor-element elementor-element-c4f1f45 elementor-invisible elementor-widget elementor-widget-heading" data-id="c4f1f45" data-element_type="widget" data-e-type="widget" data-settings="{&quot;_animation&quot;:&quot;fadeInUp&quot;}" data-widget_type="heading.default">
					<h2 class="elementor-heading-title elementor-size-default">Les Dîners Communautaires</h2>				</div>
				<div class="elementor-element elementor-element-b200383 elementor-invisible elementor-widget elementor-widget-text-editor" data-id="b200383" data-element_type="widget" data-e-type="widget" data-settings="{&quot;_animation&quot;:&quot;fadeInUp&quot;}" data-widget_type="text-editor.default">
									<p>Les dîners communautaires vous sont servis les mercredis et jeudis de 12h00 à 13h30, il n’y pas de réservation alors n’hésitez pas à arriver tôt et à magasiner en attendant. Pour la modique somme de 5$ pour les membres et 7$ pour les non-membres, vous aurez un repas complet. Les dîners sont cuisinés sur place par Marie-Josée Simon, notre cuisinière hors pair. Les recettes de Marie-Josée nous charment chaque semaine et le service aux tables est impeccable. Nous accueillons en moyenne 35 personnes par dîner, un beau moment pour socialiser et rencontrer de nouvelles personnes. Il est possible d’acheter des repas à la fin du dîner.</p>								</div>
					</div>
				</div>
		<div class="elementor-element elementor-element-6c77314 e-flex e-con-boxed e-con e-parent" data-id="6c77314" data-element_type="container" data-e-type="container" data-settings="{&quot;animation&quot;:&quot;none&quot;,&quot;background_background&quot;:&quot;classic&quot;}">
					<div class="e-con-inner">
				<div class="elementor-element elementor-element-f46f97d elementor-invisible elementor-widget elementor-widget-html" data-id="f46f97d" data-element_type="widget" data-e-type="widget" data-settings="{&quot;_animation&quot;:&quot;zoomIn&quot;}" data-widget_type="html.default">
					<style>
    .carousel-container {
    max-width: 1000px;
    position: relative;
    margin: auto;
    overflow: hidden; /* Ensures images don't overflow during transition */
}

.carousel-slide img {
    /*width: 100%;*/
    display: block;
    aspect-ratio: 4 / 3;
    width: 600px;
}

/* Hide the slides by default */
.carousel-slide {
    display: none;
}

/* Fade animation */
.fade {
    animation-name: fade;
    animation-duration: 1.5s;
}

@keyframes fade {
    from {opacity: .4}
    to {opacity: 1}
}
</style>

<div class="carousel-container">
    <div class="carousel-slide fade image-border-custom">
        <img decoding="async" src="https://auxtrouvaillesdemandeville.org/wp-content/uploads/2025/12/salle-a-manger.jpg" alt="Photo de la salle à manger">
    </div>
    <div class="carousel-slide fade image-border-custom">
        <img decoding="async" src="https://auxtrouvaillesdemandeville.org/wp-content/uploads/2025/12/452d9d2e-0941-4f37-87c9-f9d23dc3ec8d.jpg" alt="Photo de la salle à manger 2">
    </div>
    <div class="carousel-slide fade image-border-custom">
        <img decoding="async" src="https://auxtrouvaillesdemandeville.org/wp-content/uploads/2025/12/9daf4394-292f-4aaf-81d8-2aa6ca92424b.jpg" alt="Photo de la salle à manger 3">
        
    </div>
    <div class="carousel-slide fade image-border-custom">
        <img decoding="async" src="https://auxtrouvaillesdemandeville.org/wp-content/uploads/2026/01/IMG_20260101_133753_008.jpg" alt="Photo de la salle à manger 4">
    </div>
</div>

<script>
    let slideIndex = 0;
showSlides();

function showSlides() {
    let i;
    let slides = document.getElementsByClassName("carousel-slide");
    //let dots = document.getElementsByClassName("dot");

    // Hide all slides
    for (i = 0; i < slides.length; i++) {
        slides[i].style.display = "none";
    }

    // Increment index and loop back if needed
    slideIndex++;
    if (slideIndex > slides.length) {slideIndex = 1}

    // Remove 'active' class from all dots
    //for (i = 0; i < dots.length; i++) {
    //    dots[i].className = dots[i].className//.replace(" active", "");
    //}

    // Display the current slide and mark the corresponding dot as active
    slides[slideIndex-1].style.display = "block";
    //dots[slideIndex-1].className += " active";

    // Change image every 3 seconds (3000ms)
    setTimeout(showSlides, 5000);
}
</script>				</div>
					</div>
				</div>
		<div class="elementor-element elementor-element-ffd2c78 e-flex e-con-boxed e-con e-parent" data-id="ffd2c78" data-element_type="container" data-e-type="container" id="menu-semaine">
					<div class="e-con-inner">
				<div class="elementor-element elementor-element-6c41e89 elementor-invisible elementor-widget elementor-widget-heading" data-id="6c41e89" data-element_type="widget" data-e-type="widget" data-settings="{&quot;_animation&quot;:&quot;fadeInUp&quot;}" data-widget_type="heading.default">
					<h2 class="elementor-heading-title elementor-size-default">Menu de la Semaine</h2>				</div>
				<div class="elementor-element elementor-element-96497b0 elementor-widget elementor-widget-image" data-id="96497b0" data-element_type="widget" data-e-type="widget" data-widget_type="image.default">
															<img fetchpriority="high" decoding="async" width="940" height="788" src="https://auxtrouvaillesdemandeville.org/wp-content/uploads/2026/04/Menu-29-et-30-avril.png" class="attachment-large size-large wp-image-3867" alt="" srcset="https://auxtrouvaillesdemandeville.org/wp-content/uploads/2026/04/Menu-29-et-30-avril.png 940w, https://auxtrouvaillesdemandeville.org/wp-content/uploads/2026/04/Menu-29-et-30-avril-300x251.png 300w, https://auxtrouvaillesdemandeville.org/wp-content/uploads/2026/04/Menu-29-et-30-avril-768x644.png 768w" sizes="(max-width: 940px) 100vw, 940px" />															</div>
					</div>
				</div>
				</div>

<p>Les Dîners Communautaires Les dîners communautaires vous sont servis les mercredis et jeudis de 12h00 à 13h30, il n’y pas de réservation alors n’hésitez pas à arriver tôt et à magasiner en attendant. Pour la modique somme de 5$ pour les membres et 7$ pour les non-membres, vous aurez un repas complet. Les dîners sont [&hellip;]</p>
