{"id":553,"date":"2025-11-03T15:10:50","date_gmt":"2025-11-03T20:10:50","guid":{"rendered":"https:\/\/auxtrouvaillesdemandeville.org\/?page_id=553"},"modified":"2026-01-04T10:07:13","modified_gmt":"2026-01-04T15:07:13","slug":"le-magasin","status":"publish","type":"page","link":"https:\/\/auxtrouvaillesdemandeville.org\/?page_id=553","title":{"rendered":"Le Magasin"},"content":{"rendered":"\t\t<div data-elementor-type=\"wp-page\" data-elementor-id=\"553\" class=\"elementor elementor-553\">\n\t\t\t\t<div class=\"elementor-element elementor-element-b6589a0 e-flex e-con-boxed e-con e-parent\" data-id=\"b6589a0\" data-element_type=\"container\" data-e-type=\"container\">\n\t\t\t\t\t<div class=\"e-con-inner\">\n\t\t\t\t<div class=\"elementor-element elementor-element-cd1d502 elementor-invisible elementor-widget elementor-widget-heading\" data-id=\"cd1d502\" data-element_type=\"widget\" data-e-type=\"widget\" data-settings=\"{&quot;_animation&quot;:&quot;fadeInUp&quot;}\" data-widget_type=\"heading.default\">\n\t\t\t\t\t<h2 class=\"elementor-heading-title elementor-size-default\">Le Magasin<\/h2>\t\t\t\t<\/div>\n\t\t\t\t<div class=\"elementor-element elementor-element-e9f2e4d elementor-invisible elementor-widget elementor-widget-text-editor\" data-id=\"e9f2e4d\" data-element_type=\"widget\" data-e-type=\"widget\" data-settings=\"{&quot;_animation&quot;:&quot;fadeInUp&quot;}\" data-widget_type=\"text-editor.default\">\n\t\t\t\t\t\t\t\t\tNotre magasin propose des v\u00eatements et des accessoires qui offrent une alternative durable et \u00e9conomique \u00e0 la mode traditionnelle, en donnant une nouvelle vie \u00e0 des articles d&rsquo;occasion. On y retrouve une grande vari\u00e9t\u00e9 d&rsquo;objets : des v\u00eatements vintage, des manteaux, des chaussures, des sacs \u00e0 main, mais aussi des bijoux, des articles de d\u00e9coration et de cuisine. Chaque visite est une v\u00e9ritable chasse au tr\u00e9sor, o\u00f9 l\u2019on peut d\u00e9nicher des articles uniques \u00e0 prix abordable, tout en contribuant \u00e0 r\u00e9duire le gaspillage et \u00e0 promouvoir une consommation responsable.\t\t\t\t\t\t\t\t<\/div>\n\t\t\t\t\t<\/div>\n\t\t\t\t<\/div>\n\t\t<div class=\"elementor-element elementor-element-50fc8dc e-grid e-con-boxed e-con e-parent\" data-id=\"50fc8dc\" data-element_type=\"container\" data-e-type=\"container\" data-settings=\"{&quot;background_background&quot;:&quot;classic&quot;}\">\n\t\t\t\t\t<div class=\"e-con-inner\">\n\t\t\t\t<div class=\"elementor-element elementor-element-00f87b5 image-border-custom elementor-invisible elementor-widget elementor-widget-image\" data-id=\"00f87b5\" data-element_type=\"widget\" data-e-type=\"widget\" data-settings=\"{&quot;_animation&quot;:&quot;zoomIn&quot;,&quot;_animation_mobile&quot;:&quot;zoomIn&quot;}\" data-widget_type=\"image.default\">\n\t\t\t\t\t\t\t\t\t\t\t\t\t\t\t<img decoding=\"async\" src=\"https:\/\/auxtrouvaillesdemandeville.org\/wp-content\/uploads\/2025\/12\/06e2fa79-94d1-47e3-87a9-fe6678374612-e1767294070460.jpg\" title=\"\" alt=\"\" loading=\"lazy\" \/>\t\t\t\t\t\t\t\t\t\t\t\t\t\t\t<\/div>\n\t\t\t\t<div class=\"elementor-element elementor-element-9ee1423 elementor-invisible elementor-widget elementor-widget-html\" data-id=\"9ee1423\" data-element_type=\"widget\" data-e-type=\"widget\" data-settings=\"{&quot;_animation&quot;:&quot;zoomIn&quot;}\" data-widget_type=\"html.default\">\n\t\t\t\t\t<style>\n    .carousel-container {\n    max-width: 1000px;\n    position: relative;\n    margin: auto;\n    overflow: hidden; \/* Ensures images don't overflow during transition *\/\n}\n\n.carousel-slide img {\n    \/*width: 100%;*\/\n    display: block;\n    aspect-ratio: 4 \/ 3;\n    width: 600px;\n}\n\n\/* Hide the slides by default *\/\n.carousel-slide {\n    display: none;\n}\n\n\/* Fade animation *\/\n.fade {\n    animation-name: fade;\n    animation-duration: 1.5s;\n}\n\n@keyframes fade {\n    from {opacity: .4}\n    to {opacity: 1}\n}\n<\/style>\n\n<div class=\"carousel-container\">\n    <div class=\"carousel-slide fade image-border-custom\">\n        <img decoding=\"async\" src=\"https:\/\/auxtrouvaillesdemandeville.org\/wp-content\/uploads\/2026\/01\/IMG_20260101_135034_244.jpg\" alt=\"Photo des raques de linge 1\">\n    <\/div>\n    <div class=\"carousel-slide fade image-border-custom\">\n        <img decoding=\"async\" src=\"https:\/\/auxtrouvaillesdemandeville.org\/wp-content\/uploads\/2026\/01\/IMG_20260101_135034_043-e1767298848548.jpg\" alt=\"Photo des raques de linge 2\">\n    <\/div>\n    <div class=\"carousel-slide fade image-border-custom\">\n        <img decoding=\"async\" src=\"https:\/\/auxtrouvaillesdemandeville.org\/wp-content\/uploads\/2026\/01\/IMG_20260101_135033_502.jpg\" alt=\"Photo des raques de linge 3\">\n        \n    <\/div>\n    <div class=\"carousel-slide fade image-border-custom\">\n        <img decoding=\"async\" src=\"https:\/\/auxtrouvaillesdemandeville.org\/wp-content\/uploads\/2026\/01\/IMG_20260101_135033_980.jpg\" alt=\"Photo des raques de linge 4\">\n    <\/div>\n<\/div>\n\n<script>\n    let slideIndex = 0;\nshowSlides();\n\nfunction showSlides() {\n    let i;\n    let slides = document.getElementsByClassName(\"carousel-slide\");\n    \/\/let dots = document.getElementsByClassName(\"dot\");\n\n    \/\/ Hide all slides\n    for (i = 0; i < slides.length; i++) {\n        slides[i].style.display = \"none\";\n    }\n\n    \/\/ Increment index and loop back if needed\n    slideIndex++;\n    if (slideIndex > slides.length) {slideIndex = 1}\n\n    \/\/ Remove 'active' class from all dots\n    \/\/for (i = 0; i < dots.length; i++) {\n    \/\/    dots[i].className = dots[i].className\/\/.replace(\" active\", \"\");\n    \/\/}\n\n    \/\/ Display the current slide and mark the corresponding dot as active\n    slides[slideIndex-1].style.display = \"block\";\n    \/\/dots[slideIndex-1].className += \" active\";\n\n    \/\/ Change image every 3 seconds (3000ms)\n    setTimeout(showSlides, 5000);\n}\n<\/script>\t\t\t\t<\/div>\n\t\t\t\t<div class=\"elementor-element elementor-element-4bc8001 image-border-custom elementor-invisible elementor-widget elementor-widget-image\" data-id=\"4bc8001\" data-element_type=\"widget\" data-e-type=\"widget\" data-settings=\"{&quot;_animation&quot;:&quot;zoomIn&quot;}\" data-widget_type=\"image.default\">\n\t\t\t\t\t\t\t\t\t\t\t\t\t\t\t<img decoding=\"async\" src=\"https:\/\/auxtrouvaillesdemandeville.org\/wp-content\/uploads\/2025\/12\/vaisselle-e1767294225283.jpg\" title=\"\" alt=\"\" loading=\"lazy\" \/>\t\t\t\t\t\t\t\t\t\t\t\t\t\t\t<\/div>\n\t\t\t\t<div class=\"elementor-element elementor-element-2f05253 image-border-custom elementor-invisible elementor-widget elementor-widget-image\" data-id=\"2f05253\" data-element_type=\"widget\" data-e-type=\"widget\" data-settings=\"{&quot;_animation&quot;:&quot;zoomIn&quot;}\" data-widget_type=\"image.default\">\n\t\t\t\t\t\t\t\t\t\t\t\t\t\t\t<img fetchpriority=\"high\" decoding=\"async\" width=\"1024\" height=\"769\" src=\"https:\/\/auxtrouvaillesdemandeville.org\/wp-content\/uploads\/2026\/01\/IMG_20260101_135033_718-1024x769.jpg\" class=\"attachment-large size-large wp-image-2003\" alt=\"\" srcset=\"https:\/\/auxtrouvaillesdemandeville.org\/wp-content\/uploads\/2026\/01\/IMG_20260101_135033_718-1024x769.jpg 1024w, https:\/\/auxtrouvaillesdemandeville.org\/wp-content\/uploads\/2026\/01\/IMG_20260101_135033_718-300x225.jpg 300w, https:\/\/auxtrouvaillesdemandeville.org\/wp-content\/uploads\/2026\/01\/IMG_20260101_135033_718-768x576.jpg 768w, https:\/\/auxtrouvaillesdemandeville.org\/wp-content\/uploads\/2026\/01\/IMG_20260101_135033_718-1536x1153.jpg 1536w, https:\/\/auxtrouvaillesdemandeville.org\/wp-content\/uploads\/2026\/01\/IMG_20260101_135033_718.jpg 2048w\" sizes=\"(max-width: 1024px) 100vw, 1024px\" \/>\t\t\t\t\t\t\t\t\t\t\t\t\t\t\t<\/div>\n\t\t\t\t<div class=\"elementor-element elementor-element-6e53a18 image-border-custom elementor-invisible elementor-widget elementor-widget-image\" data-id=\"6e53a18\" data-element_type=\"widget\" data-e-type=\"widget\" data-settings=\"{&quot;_animation&quot;:&quot;zoomIn&quot;}\" data-widget_type=\"image.default\">\n\t\t\t\t\t\t\t\t\t\t\t\t\t\t\t<img decoding=\"async\" src=\"https:\/\/auxtrouvaillesdemandeville.org\/wp-content\/uploads\/2026\/01\/IMG_20260101_135033_682-e1767293949345.jpg\" title=\"\" alt=\"\" loading=\"lazy\" \/>\t\t\t\t\t\t\t\t\t\t\t\t\t\t\t<\/div>\n\t\t\t\t<div class=\"elementor-element elementor-element-79f697b image-border-custom elementor-invisible elementor-widget elementor-widget-image\" data-id=\"79f697b\" data-element_type=\"widget\" data-e-type=\"widget\" data-settings=\"{&quot;_animation&quot;:&quot;zoomIn&quot;}\" data-widget_type=\"image.default\">\n\t\t\t\t\t\t\t\t\t\t\t\t\t\t\t<img decoding=\"async\" src=\"https:\/\/auxtrouvaillesdemandeville.org\/wp-content\/uploads\/2025\/12\/cc47250d-d611-4760-accd-0aa065360f60-e1767294329159.jpg\" title=\"\" alt=\"\" loading=\"lazy\" \/>\t\t\t\t\t\t\t\t\t\t\t\t\t\t\t<\/div>\n\t\t\t\t\t<\/div>\n\t\t\t\t<\/div>\n\t\t\t\t<\/div>\n\t\t","protected":false},"excerpt":{"rendered":"<p>Le Magasin Notre magasin propose des v\u00eatements et des accessoires qui offrent une alternative durable et \u00e9conomique \u00e0 la mode traditionnelle, en donnant une nouvelle vie \u00e0 des articles d&rsquo;occasion. On y retrouve une grande vari\u00e9t\u00e9 d&rsquo;objets : des v\u00eatements vintage, des manteaux, des chaussures, des sacs \u00e0 main, mais aussi des bijoux, des articles [&hellip;]<\/p>\n","protected":false},"author":2,"featured_media":0,"parent":0,"menu_order":0,"comment_status":"closed","ping_status":"closed","template":"","meta":{"footnotes":""},"class_list":["post-553","page","type-page","status-publish","hentry"],"_links":{"self":[{"href":"https:\/\/auxtrouvaillesdemandeville.org\/index.php?rest_route=\/wp\/v2\/pages\/553","targetHints":{"allow":["GET"]}}],"collection":[{"href":"https:\/\/auxtrouvaillesdemandeville.org\/index.php?rest_route=\/wp\/v2\/pages"}],"about":[{"href":"https:\/\/auxtrouvaillesdemandeville.org\/index.php?rest_route=\/wp\/v2\/types\/page"}],"author":[{"embeddable":true,"href":"https:\/\/auxtrouvaillesdemandeville.org\/index.php?rest_route=\/wp\/v2\/users\/2"}],"replies":[{"embeddable":true,"href":"https:\/\/auxtrouvaillesdemandeville.org\/index.php?rest_route=%2Fwp%2Fv2%2Fcomments&post=553"}],"version-history":[{"count":124,"href":"https:\/\/auxtrouvaillesdemandeville.org\/index.php?rest_route=\/wp\/v2\/pages\/553\/revisions"}],"predecessor-version":[{"id":3692,"href":"https:\/\/auxtrouvaillesdemandeville.org\/index.php?rest_route=\/wp\/v2\/pages\/553\/revisions\/3692"}],"wp:attachment":[{"href":"https:\/\/auxtrouvaillesdemandeville.org\/index.php?rest_route=%2Fwp%2Fv2%2Fmedia&parent=553"}],"curies":[{"name":"wp","href":"https:\/\/api.w.org\/{rel}","templated":true}]}}