{"id":406,"date":"2025-10-31T13:27:29","date_gmt":"2025-10-31T17:27:29","guid":{"rendered":"https:\/\/auxtrouvaillesdemandeville.org\/?page_id=406"},"modified":"2026-01-04T09:41:09","modified_gmt":"2026-01-04T14:41:09","slug":"lequipe-et-le-c-a","status":"publish","type":"page","link":"https:\/\/auxtrouvaillesdemandeville.org\/?page_id=406","title":{"rendered":"L&rsquo;\u00e9quipe et le C.A"},"content":{"rendered":"\t\t<div data-elementor-type=\"wp-page\" data-elementor-id=\"406\" class=\"elementor elementor-406\">\n\t\t\t\t<div class=\"elementor-element elementor-element-dff3fb2 e-flex e-con-boxed e-con e-parent\" data-id=\"dff3fb2\" data-element_type=\"container\" data-e-type=\"container\">\n\t\t\t\t\t<div class=\"e-con-inner\">\n\t\t\t\t<div class=\"elementor-element elementor-element-11d0bfb elementor-invisible elementor-widget elementor-widget-heading\" data-id=\"11d0bfb\" data-element_type=\"widget\" data-e-type=\"widget\" data-settings=\"{&quot;_animation&quot;:&quot;fadeInUp&quot;}\" data-widget_type=\"heading.default\">\n\t\t\t\t\t<h2 class=\"elementor-heading-title elementor-size-default\">L'\u00e9quipe et le C.A<\/h2>\t\t\t\t<\/div>\n\t\t<div class=\"elementor-element elementor-element-ee258fb e-con-full e-flex e-con e-child\" data-id=\"ee258fb\" data-element_type=\"container\" data-e-type=\"container\">\n\t\t\t\t<div class=\"elementor-element elementor-element-f02c197 elementor-invisible elementor-widget elementor-widget-text-editor\" data-id=\"f02c197\" data-element_type=\"widget\" data-e-type=\"widget\" data-settings=\"{&quot;_animation&quot;:&quot;fadeInUp&quot;}\" data-widget_type=\"text-editor.default\">\n\t\t\t\t\t\t\t\t\t<p>Aux Trouvailles de Mandeville fonctionne gr\u00e2ce au travail de l&rsquo;\u00e9quipe sur le plancher, mais aussi gr\u00e2ce \u00e0 l&rsquo;engagement de son conseil d&rsquo;administration et des nombreux b\u00e9n\u00e9voles ! Tout ce petit monde travaille \u00e0 r\u00e9pondre aux besoins et aux envies de nos nombreux membres !<\/p>\t\t\t\t\t\t\t\t<\/div>\n\t\t\t\t<\/div>\n\t\t\t\t<div class=\"elementor-element elementor-element-e0b5427 elementor-widget elementor-widget-html\" data-id=\"e0b5427\" data-element_type=\"widget\" data-e-type=\"widget\" data-widget_type=\"html.default\">\n\t\t\t\t\t<style>\r\n.elementor-widget-n-tabs .e-n-tab-title[aria-selected=true],\r\n.elementor-widget-n-tabs .e-n-tab-title[aria-selected=true] a {\r\n  color: #E79718;\r\n}\r\n\r\n.elementor-widget-n-tabs [data-touch-mode=false] .e-n-tab-title[aria-selected=false]:hover,\r\n.elementor-widget-n-tabs [data-touch-mode=false] .e-n-tab-title[aria-selected=false]:hover a {\r\n  color: #E79718;\r\n}\r\n\r\n.elementor-widget-n-tabs .e-n-tab-title[aria-selected=false],\r\n.elementor-widget-n-tabs .e-n-tab-title[aria-selected=false] a {\r\n  color: #5E82A3;\r\n}\r\n\r\n<\/style>\t\t\t\t<\/div>\n\t\t\t\t\t<\/div>\n\t\t\t\t<\/div>\n\t\t<div class=\"elementor-element elementor-element-d824ea9 e-flex e-con-boxed e-con e-parent\" data-id=\"d824ea9\" data-element_type=\"container\" data-e-type=\"container\">\n\t\t\t\t\t<div class=\"e-con-inner\">\n\t\t\t\t<div class=\"elementor-element elementor-element-50e811d e-n-tabs-mobile elementor-widget elementor-widget-n-tabs\" data-id=\"50e811d\" data-element_type=\"widget\" data-e-type=\"widget\" data-settings=\"{&quot;horizontal_scroll&quot;:&quot;disable&quot;}\" data-widget_type=\"nested-tabs.default\">\n\t\t\t\t\t\t\t<div class=\"e-n-tabs\" data-widget-number=\"84836637\" aria-label=\"Tabs. Open items with Enter or Space, close with Escape and navigate using the Arrow keys.\">\n\t\t\t<div class=\"e-n-tabs-heading\" role=\"tablist\">\n\t\t\t\t\t<button id=\"e-n-tab-title-848366371\" data-tab-title-id=\"e-n-tab-title-848366371\" class=\"e-n-tab-title\" aria-selected=\"true\" data-tab-index=\"1\" role=\"tab\" tabindex=\"0\" aria-controls=\"e-n-tab-content-848366371\" style=\"--n-tabs-title-order: 1;\">\n\t\t\t\t\t\t<span class=\"e-n-tab-title-text\">\n\t\t\t\tL'\u00e9quipe\t\t\t<\/span>\n\t\t<\/button>\n\t\t\t\t<button id=\"e-n-tab-title-848366372\" data-tab-title-id=\"e-n-tab-title-848366372\" class=\"e-n-tab-title\" aria-selected=\"false\" data-tab-index=\"2\" role=\"tab\" tabindex=\"-1\" aria-controls=\"e-n-tab-content-848366372\" style=\"--n-tabs-title-order: 2;\">\n\t\t\t\t\t\t<span class=\"e-n-tab-title-text\">\n\t\t\t\tLe C.A\t\t\t<\/span>\n\t\t<\/button>\n\t\t\t\t\t<\/div>\n\t\t\t<div class=\"e-n-tabs-content\">\n\t\t\t\t<div id=\"e-n-tab-content-848366371\" role=\"tabpanel\" aria-labelledby=\"e-n-tab-title-848366371\" data-tab-index=\"1\" style=\"--n-tabs-title-order: 1;\" class=\"e-active elementor-element elementor-element-3b405d6 e-con-full e-flex e-con e-child\" data-id=\"3b405d6\" data-element_type=\"container\" data-e-type=\"container\" data-settings=\"{&quot;background_background&quot;:&quot;classic&quot;}\">\n\t\t<div class=\"elementor-element elementor-element-324367b e-con-full e-flex e-con e-child\" data-id=\"324367b\" data-element_type=\"container\" data-e-type=\"container\">\n\t\t<div class=\"elementor-element elementor-element-8b493d2 e-con-full e-flex e-con e-child\" data-id=\"8b493d2\" data-element_type=\"container\" data-e-type=\"container\">\n\t\t\t\t<div class=\"elementor-element elementor-element-6ef0127 elementor-invisible elementor-widget elementor-widget-heading\" data-id=\"6ef0127\" data-element_type=\"widget\" data-e-type=\"widget\" data-settings=\"{&quot;_animation&quot;:&quot;fadeInDown&quot;}\" data-widget_type=\"heading.default\">\n\t\t\t\t\t<h2 class=\"elementor-heading-title elementor-size-default\">L'\u00e9quipe<\/h2>\t\t\t\t<\/div>\n\t\t\t\t<div class=\"elementor-element elementor-element-f52259f elementor-invisible elementor-widget elementor-widget-text-editor\" data-id=\"f52259f\" data-element_type=\"widget\" data-e-type=\"widget\" data-settings=\"{&quot;_animation&quot;:&quot;fadeInUp&quot;}\" data-widget_type=\"text-editor.default\">\n\t\t\t\t\t\t\t\t\tNotre organisme compte aujourd&rsquo;hui 9 employ\u00e9s. Sur la photo, de gauche \u00e0 droite : Abiga\u00ebl Gareau, commis de magasin, Marie-Jos\u00e9e Simon, cuisini\u00e8re, Karine No\u00ebl, responsable du magasin, Christine Hauvespre, responsable des activit\u00e9s socioculturelles, Patricia Gr\u00e9gorio, aide g\u00e9n\u00e9rale au magasin, Yannick Robert, chauffeur aide-g\u00e9n\u00e9ral, Isabelle Campion, coordonnatrice, Pierre-Olivier Sinquin, aide-g\u00e9n\u00e9ral et Julien Filip, commis-caissier.\t\t\t\t\t\t\t\t<\/div>\n\t\t\t\t<\/div>\n\t\t<div class=\"elementor-element elementor-element-e15e524 e-con-full e-flex e-con e-child\" data-id=\"e15e524\" data-element_type=\"container\" data-e-type=\"container\">\n\t\t\t\t<div class=\"elementor-element elementor-element-31f8241 image-border-custom2 elementor-invisible elementor-widget elementor-widget-image\" data-id=\"31f8241\" data-element_type=\"widget\" data-e-type=\"widget\" data-settings=\"{&quot;_animation&quot;:&quot;zoomIn&quot;}\" data-widget_type=\"image.default\">\n\t\t\t\t\t\t\t\t\t\t\t\t\t\t\t<img fetchpriority=\"high\" decoding=\"async\" width=\"1024\" height=\"904\" src=\"https:\/\/auxtrouvaillesdemandeville.org\/wp-content\/uploads\/2025\/11\/equipe-bonne-1024x904.jpg\" class=\"attachment-large size-large wp-image-923\" alt=\"\" srcset=\"https:\/\/auxtrouvaillesdemandeville.org\/wp-content\/uploads\/2025\/11\/equipe-bonne-1024x904.jpg 1024w, https:\/\/auxtrouvaillesdemandeville.org\/wp-content\/uploads\/2025\/11\/equipe-bonne-300x265.jpg 300w, https:\/\/auxtrouvaillesdemandeville.org\/wp-content\/uploads\/2025\/11\/equipe-bonne-768x678.jpg 768w, https:\/\/auxtrouvaillesdemandeville.org\/wp-content\/uploads\/2025\/11\/equipe-bonne-1536x1357.jpg 1536w, https:\/\/auxtrouvaillesdemandeville.org\/wp-content\/uploads\/2025\/11\/equipe-bonne-2048x1809.jpg 2048w\" sizes=\"(max-width: 1024px) 100vw, 1024px\" \/>\t\t\t\t\t\t\t\t\t\t\t\t\t\t\t<\/div>\n\t\t\t\t<\/div>\n\t\t\t\t<\/div>\n\t\t\t\t<\/div>\n\t\t<div id=\"e-n-tab-content-848366372\" role=\"tabpanel\" aria-labelledby=\"e-n-tab-title-848366372\" data-tab-index=\"2\" style=\"--n-tabs-title-order: 2;\" class=\" elementor-element elementor-element-d0cbb57 e-con-full e-flex e-con e-child\" data-id=\"d0cbb57\" data-element_type=\"container\" data-e-type=\"container\" data-settings=\"{&quot;background_background&quot;:&quot;classic&quot;}\">\n\t\t<div class=\"elementor-element elementor-element-0899404 e-con-full e-flex e-con e-child\" data-id=\"0899404\" data-element_type=\"container\" data-e-type=\"container\">\n\t\t<div class=\"elementor-element elementor-element-7731623 e-con-full e-flex e-con e-child\" data-id=\"7731623\" data-element_type=\"container\" data-e-type=\"container\">\n\t\t\t\t<div class=\"elementor-element elementor-element-43c3ea8 elementor-invisible elementor-widget elementor-widget-heading\" data-id=\"43c3ea8\" data-element_type=\"widget\" data-e-type=\"widget\" data-settings=\"{&quot;_animation&quot;:&quot;fadeInDown&quot;}\" data-widget_type=\"heading.default\">\n\t\t\t\t\t<h2 class=\"elementor-heading-title elementor-size-default\">Le C.A<\/h2>\t\t\t\t<\/div>\n\t\t\t\t<div class=\"elementor-element elementor-element-c599f12 elementor-invisible elementor-widget elementor-widget-text-editor\" data-id=\"c599f12\" data-element_type=\"widget\" data-e-type=\"widget\" data-settings=\"{&quot;_animation&quot;:&quot;fadeInUp&quot;}\" data-widget_type=\"text-editor.default\">\n\t\t\t\t\t\t\t\t\tLe conseil d\u2019administration occupe une place centrale dans la gouvernance d\u2019un organisme communautaire. Il assume des responsabilit\u00e9s vari\u00e9es et essentielles pour garantir son bon fonctionnement et la r\u00e9alisation de sa mission. <br>Sur la photo, de gauche \u00e0 droite : Yuan-Wen Cheng (Jenny), \u00c9velyne Lalonde, Nathalie K. C\u00f4t\u00e9, Francine Leblanc, Liette Bougie, Sylvie Beausoleil.\t\t\t\t\t\t\t\t<\/div>\n\t\t\t\t<\/div>\n\t\t<div class=\"elementor-element elementor-element-28e1cf7 e-con-full e-flex e-con e-child\" data-id=\"28e1cf7\" data-element_type=\"container\" data-e-type=\"container\">\n\t\t\t\t<div class=\"elementor-element elementor-element-1470ff5 image-border-custom2 elementor-invisible elementor-widget elementor-widget-image\" data-id=\"1470ff5\" data-element_type=\"widget\" data-e-type=\"widget\" data-settings=\"{&quot;_animation&quot;:&quot;zoomIn&quot;}\" data-widget_type=\"image.default\">\n\t\t\t\t\t\t\t\t\t\t\t\t\t\t\t<img decoding=\"async\" width=\"1024\" height=\"768\" src=\"https:\/\/auxtrouvaillesdemandeville.org\/wp-content\/uploads\/2025\/12\/caaf9a75-67d7-4740-bdbf-250e8889f741-1024x768.jpg\" class=\"attachment-large size-large wp-image-1088\" alt=\"\" srcset=\"https:\/\/auxtrouvaillesdemandeville.org\/wp-content\/uploads\/2025\/12\/caaf9a75-67d7-4740-bdbf-250e8889f741-1024x768.jpg 1024w, https:\/\/auxtrouvaillesdemandeville.org\/wp-content\/uploads\/2025\/12\/caaf9a75-67d7-4740-bdbf-250e8889f741-300x225.jpg 300w, https:\/\/auxtrouvaillesdemandeville.org\/wp-content\/uploads\/2025\/12\/caaf9a75-67d7-4740-bdbf-250e8889f741-768x576.jpg 768w, https:\/\/auxtrouvaillesdemandeville.org\/wp-content\/uploads\/2025\/12\/caaf9a75-67d7-4740-bdbf-250e8889f741-1536x1152.jpg 1536w, https:\/\/auxtrouvaillesdemandeville.org\/wp-content\/uploads\/2025\/12\/caaf9a75-67d7-4740-bdbf-250e8889f741.jpg 2048w\" sizes=\"(max-width: 1024px) 100vw, 1024px\" \/>\t\t\t\t\t\t\t\t\t\t\t\t\t\t\t<\/div>\n\t\t\t\t<\/div>\n\t\t\t\t<\/div>\n\t\t\t\t<\/div>\n\t\t\t\t\t<\/div>\n\t\t<\/div>\n\t\t\t\t\t\t<\/div>\n\t\t\t\t\t<\/div>\n\t\t\t\t<\/div>\n\t\t\t\t<\/div>\n\t\t","protected":false},"excerpt":{"rendered":"<p>L&rsquo;\u00e9quipe et le C.A Aux Trouvailles de Mandeville fonctionne gr\u00e2ce au travail de l&rsquo;\u00e9quipe sur le plancher, mais aussi gr\u00e2ce \u00e0 l&rsquo;engagement de son conseil d&rsquo;administration et des nombreux b\u00e9n\u00e9voles ! Tout ce petit monde travaille \u00e0 r\u00e9pondre aux besoins et aux envies de nos nombreux membres ! L&rsquo;\u00e9quipe Le C.A L&rsquo;\u00e9quipe Notre organisme compte [&hellip;]<\/p>\n","protected":false},"author":2,"featured_media":0,"parent":0,"menu_order":0,"comment_status":"closed","ping_status":"closed","template":"","meta":{"footnotes":""},"class_list":["post-406","page","type-page","status-publish","hentry"],"_links":{"self":[{"href":"https:\/\/auxtrouvaillesdemandeville.org\/index.php?rest_route=\/wp\/v2\/pages\/406","targetHints":{"allow":["GET"]}}],"collection":[{"href":"https:\/\/auxtrouvaillesdemandeville.org\/index.php?rest_route=\/wp\/v2\/pages"}],"about":[{"href":"https:\/\/auxtrouvaillesdemandeville.org\/index.php?rest_route=\/wp\/v2\/types\/page"}],"author":[{"embeddable":true,"href":"https:\/\/auxtrouvaillesdemandeville.org\/index.php?rest_route=\/wp\/v2\/users\/2"}],"replies":[{"embeddable":true,"href":"https:\/\/auxtrouvaillesdemandeville.org\/index.php?rest_route=%2Fwp%2Fv2%2Fcomments&post=406"}],"version-history":[{"count":160,"href":"https:\/\/auxtrouvaillesdemandeville.org\/index.php?rest_route=\/wp\/v2\/pages\/406\/revisions"}],"predecessor-version":[{"id":3679,"href":"https:\/\/auxtrouvaillesdemandeville.org\/index.php?rest_route=\/wp\/v2\/pages\/406\/revisions\/3679"}],"wp:attachment":[{"href":"https:\/\/auxtrouvaillesdemandeville.org\/index.php?rest_route=%2Fwp%2Fv2%2Fmedia&parent=406"}],"curies":[{"name":"wp","href":"https:\/\/api.w.org\/{rel}","templated":true}]}}

L&rsquo;équipe et le C.A

<div data-elementor-type="wp-page" data-elementor-id="406" class="elementor elementor-406">
				<div class="elementor-element elementor-element-dff3fb2 e-flex e-con-boxed e-con e-parent" data-id="dff3fb2" data-element_type="container" data-e-type="container">
					<div class="e-con-inner">
				<div class="elementor-element elementor-element-11d0bfb elementor-invisible elementor-widget elementor-widget-heading" data-id="11d0bfb" data-element_type="widget" data-e-type="widget" data-settings="{&quot;_animation&quot;:&quot;fadeInUp&quot;}" data-widget_type="heading.default">
					<h2 class="elementor-heading-title elementor-size-default">L'équipe et le C.A</h2>				</div>
		<div class="elementor-element elementor-element-ee258fb e-con-full e-flex e-con e-child" data-id="ee258fb" data-element_type="container" data-e-type="container">
				<div class="elementor-element elementor-element-f02c197 elementor-invisible elementor-widget elementor-widget-text-editor" data-id="f02c197" data-element_type="widget" data-e-type="widget" data-settings="{&quot;_animation&quot;:&quot;fadeInUp&quot;}" data-widget_type="text-editor.default">
									<p>Aux Trouvailles de Mandeville fonctionne grâce au travail de l&rsquo;équipe sur le plancher, mais aussi grâce à l&rsquo;engagement de son conseil d&rsquo;administration et des nombreux bénévoles ! Tout ce petit monde travaille à répondre aux besoins et aux envies de nos nombreux membres !</p>								</div>
				</div>
				<div class="elementor-element elementor-element-e0b5427 elementor-widget elementor-widget-html" data-id="e0b5427" data-element_type="widget" data-e-type="widget" data-widget_type="html.default">
					<style>
.elementor-widget-n-tabs .e-n-tab-title[aria-selected=true],
.elementor-widget-n-tabs .e-n-tab-title[aria-selected=true] a {
  color: #E79718;
}

.elementor-widget-n-tabs [data-touch-mode=false] .e-n-tab-title[aria-selected=false]:hover,
.elementor-widget-n-tabs [data-touch-mode=false] .e-n-tab-title[aria-selected=false]:hover a {
  color: #E79718;
}

.elementor-widget-n-tabs .e-n-tab-title[aria-selected=false],
.elementor-widget-n-tabs .e-n-tab-title[aria-selected=false] a {
  color: #5E82A3;
}

</style>				</div>
					</div>
				</div>
		<div class="elementor-element elementor-element-d824ea9 e-flex e-con-boxed e-con e-parent" data-id="d824ea9" data-element_type="container" data-e-type="container">
					<div class="e-con-inner">
				<div class="elementor-element elementor-element-50e811d e-n-tabs-mobile elementor-widget elementor-widget-n-tabs" data-id="50e811d" data-element_type="widget" data-e-type="widget" data-settings="{&quot;horizontal_scroll&quot;:&quot;disable&quot;}" data-widget_type="nested-tabs.default">
							<div class="e-n-tabs" data-widget-number="84836637" aria-label="Tabs. Open items with Enter or Space, close with Escape and navigate using the Arrow keys.">
			<div class="e-n-tabs-heading" role="tablist">
					<button id="e-n-tab-title-848366371" data-tab-title-id="e-n-tab-title-848366371" class="e-n-tab-title" aria-selected="true" data-tab-index="1" role="tab" tabindex="0" aria-controls="e-n-tab-content-848366371" style="--n-tabs-title-order: 1;">
						<span class="e-n-tab-title-text">
				L'équipe			</span>
		</button>
				<button id="e-n-tab-title-848366372" data-tab-title-id="e-n-tab-title-848366372" class="e-n-tab-title" aria-selected="false" data-tab-index="2" role="tab" tabindex="-1" aria-controls="e-n-tab-content-848366372" style="--n-tabs-title-order: 2;">
						<span class="e-n-tab-title-text">
				Le C.A			</span>
		</button>
					</div>
			<div class="e-n-tabs-content">
				<div id="e-n-tab-content-848366371" role="tabpanel" aria-labelledby="e-n-tab-title-848366371" data-tab-index="1" style="--n-tabs-title-order: 1;" class="e-active elementor-element elementor-element-3b405d6 e-con-full e-flex e-con e-child" data-id="3b405d6" data-element_type="container" data-e-type="container" data-settings="{&quot;background_background&quot;:&quot;classic&quot;}">
		<div class="elementor-element elementor-element-324367b e-con-full e-flex e-con e-child" data-id="324367b" data-element_type="container" data-e-type="container">
		<div class="elementor-element elementor-element-8b493d2 e-con-full e-flex e-con e-child" data-id="8b493d2" data-element_type="container" data-e-type="container">
				<div class="elementor-element elementor-element-6ef0127 elementor-invisible elementor-widget elementor-widget-heading" data-id="6ef0127" data-element_type="widget" data-e-type="widget" data-settings="{&quot;_animation&quot;:&quot;fadeInDown&quot;}" data-widget_type="heading.default">
					<h2 class="elementor-heading-title elementor-size-default">L'équipe</h2>				</div>
				<div class="elementor-element elementor-element-f52259f elementor-invisible elementor-widget elementor-widget-text-editor" data-id="f52259f" data-element_type="widget" data-e-type="widget" data-settings="{&quot;_animation&quot;:&quot;fadeInUp&quot;}" data-widget_type="text-editor.default">
									Notre organisme compte aujourd&rsquo;hui 9 employés. Sur la photo, de gauche à droite : Abigaël Gareau, commis de magasin, Marie-Josée Simon, cuisinière, Karine Noël, responsable du magasin, Christine Hauvespre, responsable des activités socioculturelles, Patricia Grégorio, aide générale au magasin, Yannick Robert, chauffeur aide-général, Isabelle Campion, coordonnatrice, Pierre-Olivier Sinquin, aide-général et Julien Filip, commis-caissier.								</div>
				</div>
		<div class="elementor-element elementor-element-e15e524 e-con-full e-flex e-con e-child" data-id="e15e524" data-element_type="container" data-e-type="container">
				<div class="elementor-element elementor-element-31f8241 image-border-custom2 elementor-invisible elementor-widget elementor-widget-image" data-id="31f8241" data-element_type="widget" data-e-type="widget" data-settings="{&quot;_animation&quot;:&quot;zoomIn&quot;}" data-widget_type="image.default">
															<img fetchpriority="high" decoding="async" width="1024" height="904" src="https://auxtrouvaillesdemandeville.org/wp-content/uploads/2025/11/equipe-bonne-1024x904.jpg" class="attachment-large size-large wp-image-923" alt="" srcset="https://auxtrouvaillesdemandeville.org/wp-content/uploads/2025/11/equipe-bonne-1024x904.jpg 1024w, https://auxtrouvaillesdemandeville.org/wp-content/uploads/2025/11/equipe-bonne-300x265.jpg 300w, https://auxtrouvaillesdemandeville.org/wp-content/uploads/2025/11/equipe-bonne-768x678.jpg 768w, https://auxtrouvaillesdemandeville.org/wp-content/uploads/2025/11/equipe-bonne-1536x1357.jpg 1536w, https://auxtrouvaillesdemandeville.org/wp-content/uploads/2025/11/equipe-bonne-2048x1809.jpg 2048w" sizes="(max-width: 1024px) 100vw, 1024px" />															</div>
				</div>
				</div>
				</div>
		<div id="e-n-tab-content-848366372" role="tabpanel" aria-labelledby="e-n-tab-title-848366372" data-tab-index="2" style="--n-tabs-title-order: 2;" class=" elementor-element elementor-element-d0cbb57 e-con-full e-flex e-con e-child" data-id="d0cbb57" data-element_type="container" data-e-type="container" data-settings="{&quot;background_background&quot;:&quot;classic&quot;}">
		<div class="elementor-element elementor-element-0899404 e-con-full e-flex e-con e-child" data-id="0899404" data-element_type="container" data-e-type="container">
		<div class="elementor-element elementor-element-7731623 e-con-full e-flex e-con e-child" data-id="7731623" data-element_type="container" data-e-type="container">
				<div class="elementor-element elementor-element-43c3ea8 elementor-invisible elementor-widget elementor-widget-heading" data-id="43c3ea8" data-element_type="widget" data-e-type="widget" data-settings="{&quot;_animation&quot;:&quot;fadeInDown&quot;}" data-widget_type="heading.default">
					<h2 class="elementor-heading-title elementor-size-default">Le C.A</h2>				</div>
				<div class="elementor-element elementor-element-c599f12 elementor-invisible elementor-widget elementor-widget-text-editor" data-id="c599f12" data-element_type="widget" data-e-type="widget" data-settings="{&quot;_animation&quot;:&quot;fadeInUp&quot;}" data-widget_type="text-editor.default">
									Le conseil d’administration occupe une place centrale dans la gouvernance d’un organisme communautaire. Il assume des responsabilités variées et essentielles pour garantir son bon fonctionnement et la réalisation de sa mission. <br>Sur la photo, de gauche à droite : Yuan-Wen Cheng (Jenny), Évelyne Lalonde, Nathalie K. Côté, Francine Leblanc, Liette Bougie, Sylvie Beausoleil.								</div>
				</div>
		<div class="elementor-element elementor-element-28e1cf7 e-con-full e-flex e-con e-child" data-id="28e1cf7" data-element_type="container" data-e-type="container">
				<div class="elementor-element elementor-element-1470ff5 image-border-custom2 elementor-invisible elementor-widget elementor-widget-image" data-id="1470ff5" data-element_type="widget" data-e-type="widget" data-settings="{&quot;_animation&quot;:&quot;zoomIn&quot;}" data-widget_type="image.default">
															<img decoding="async" width="1024" height="768" src="https://auxtrouvaillesdemandeville.org/wp-content/uploads/2025/12/caaf9a75-67d7-4740-bdbf-250e8889f741-1024x768.jpg" class="attachment-large size-large wp-image-1088" alt="" srcset="https://auxtrouvaillesdemandeville.org/wp-content/uploads/2025/12/caaf9a75-67d7-4740-bdbf-250e8889f741-1024x768.jpg 1024w, https://auxtrouvaillesdemandeville.org/wp-content/uploads/2025/12/caaf9a75-67d7-4740-bdbf-250e8889f741-300x225.jpg 300w, https://auxtrouvaillesdemandeville.org/wp-content/uploads/2025/12/caaf9a75-67d7-4740-bdbf-250e8889f741-768x576.jpg 768w, https://auxtrouvaillesdemandeville.org/wp-content/uploads/2025/12/caaf9a75-67d7-4740-bdbf-250e8889f741-1536x1152.jpg 1536w, https://auxtrouvaillesdemandeville.org/wp-content/uploads/2025/12/caaf9a75-67d7-4740-bdbf-250e8889f741.jpg 2048w" sizes="(max-width: 1024px) 100vw, 1024px" />															</div>
				</div>
				</div>
				</div>
					</div>
		</div>
						</div>
					</div>
				</div>
				</div>

<p>L&rsquo;équipe et le C.A Aux Trouvailles de Mandeville fonctionne grâce au travail de l&rsquo;équipe sur le plancher, mais aussi grâce à l&rsquo;engagement de son conseil d&rsquo;administration et des nombreux bénévoles ! Tout ce petit monde travaille à répondre aux besoins et aux envies de nos nombreux membres ! L&rsquo;équipe Le C.A L&rsquo;équipe Notre organisme compte [&hellip;]</p>
